{"id":7,"date":"2011-07-14T19:45:42","date_gmt":"2011-07-14T19:45:42","guid":{"rendered":"http:\/\/tehlikedekidiller.com\/?page_id=7"},"modified":"2021-04-06T00:15:17","modified_gmt":"2021-04-05T21:15:17","slug":"haberler","status":"publish","type":"page","link":"https:\/\/tehlikedekidiller.com\/?page_id=7","title":{"rendered":"Haberler"},"content":{"rendered":"<div class=\"grid_7  suffix_1 spacer3\"><\/div>\n<h2>Haberler<\/h2>\n<h5><a title=\"Kongaz Lisesi\u2019ne Todur Zanet\u2019in Ad\u0131 Verildi (Kongaz High School Named After Todur Zanet)\" href=\"https:\/\/tehlikedekidiller.com\/?page_id=1808\">Kongaz L\u0130ses\u0130\u2019ne Todur Zanet\u2019\u0130n Ad\u0131 Ver\u0130ld\u0130 (Kongaz High School Named After Todur Zanet)<\/a><\/h5>\n<p>&#8212;&#8212;&#8212;&#8212;&#8212;&#8212;&#8212;&#8212;&#8212;&#8212;&#8212;&#8212;&#8212;&#8212;&#8212;&#8212;&#8212;&#8212;&#8212;&#8212;&#8212;&#8212;&#8212;&#8212;&#8212;&#8212;&#8212;&#8212;&#8212;&#8212;&#8212;&#8212;&#8212;&#8212;&#8212;&#8212;&#8212;&#8212;&#8212;&#8212;&#8212;&#8212;&#8212;&#8212;&#8212;<\/p>\n<h5><a title=\"\u0130stanbul'daki Karaylar\" href=\"https:\/\/tehlikedekidiller.com\/?page_id=1799\">\u0130stanbul&#8217;dak\u0130 Karaylar<\/a><\/h5>\n<p>&#8212;&#8212;&#8212;&#8212;&#8212;&#8212;&#8212;&#8212;&#8212;&#8212;&#8212;&#8212;&#8212;&#8212;&#8212;&#8212;&#8212;&#8212;&#8212;&#8212;&#8212;&#8212;&#8212;&#8212;&#8212;&#8212;&#8212;&#8212;&#8212;&#8212;&#8212;&#8212;&#8212;&#8212;&#8212;&#8212;&#8212;&#8212;&#8212;&#8212;&#8212;&#8212;&#8212;&#8212;&#8212;<\/p>\n<h5><a title=\"Somut Olmayan K\u00fclt\u00fcrel Miras\u0131n Korunmas\u0131 Ba\u011flam\u0131nda K\u0131r\u0131m Tatar Geleneksel Halk K\u00fclt\u00fcr\u00fcn\u00fcn Tespiti ve \u0130ncelenmesi: Eski\u015fehir \u00d6rne\u011fi\" href=\"https:\/\/tehlikedekidiller.com\/?page_id=1794\">Somut Olmayan K\u00fclt\u00fcrel M\u0130ras\u0131n Korunmas\u0131 Ba\u011flam\u0131nda K\u0131r\u0131m Tatar Geleneksel Halk K\u00fclt\u00fcr\u00fcn\u00fcn Tesp\u0130t\u0130 ve \u0130ncelenmes\u0130: Esk\u0130\u015feh\u0130r \u00d6rne\u011f\u0130<\/a><\/h5>\n<p>&#8212;&#8212;&#8212;&#8212;&#8212;&#8212;&#8212;&#8212;&#8212;&#8212;&#8212;&#8212;&#8212;&#8212;&#8212;&#8212;&#8212;&#8212;&#8212;&#8212;&#8212;&#8212;&#8212;&#8212;&#8212;&#8212;&#8212;&#8212;&#8212;&#8212;&#8212;&#8212;&#8212;&#8212;&#8212;&#8212;&#8212;&#8212;&#8212;&#8212;&#8212;&#8212;&#8212;&#8212;&#8212;<\/p>\n<h5><a title=\"Mikail Cengiz'le Tele\u00fct\u00e7e \u00dczerine\" href=\"https:\/\/tehlikedekidiller.com\/?page_id=1747\">M\u0130ka\u0130l Ceng\u0130z&#8217;le Tele\u00fct\u00e7e \u00dczer\u0130ne<\/a><\/h5>\n<p>&#8212;&#8212;&#8212;&#8212;&#8212;&#8212;&#8212;&#8212;&#8212;&#8212;&#8212;&#8212;&#8212;&#8212;&#8212;&#8212;&#8212;&#8212;&#8212;&#8212;&#8212;&#8212;&#8212;&#8212;&#8212;&#8212;&#8212;&#8212;&#8212;&#8212;&#8212;&#8212;&#8212;&#8212;&#8212;&#8212;&#8212;&#8212;&#8212;&#8212;&#8212;&#8212;&#8212;&#8212;&#8212;<\/p>\n<h5><a title=\"Kazak - Nogay Dostluk Gecesi\" href=\"https:\/\/tehlikedekidiller.com\/?page_id=1630\">Kazak &#8211; Nogay Dostluk Geces\u0130<\/a><\/h5>\n<p>&#8212;&#8212;&#8212;&#8212;&#8212;&#8212;&#8212;&#8212;&#8212;&#8212;&#8212;&#8212;&#8212;&#8212;&#8212;&#8212;&#8212;&#8212;&#8212;&#8212;&#8212;&#8212;&#8212;&#8212;&#8212;&#8212;&#8212;&#8212;&#8212;&#8212;&#8212;&#8212;&#8212;&#8212;&#8212;&#8212;&#8212;&#8212;&#8212;&#8212;&#8212;&#8212;&#8212;&#8212;&#8212;<\/p>\n<h5><a title=\"Feyzi Ersoy'un Anlat\u0131m\u0131yla \u00c7uva\u015flar ve \u00c7uva\u015fistan\" href=\"https:\/\/tehlikedekidiller.com\/?page_id=1612\">Feyz\u0130 Ersoy&#8217;un Anlat\u0131m\u0131yla \u00c7uva\u015flar ve \u00c7uva\u015f\u0130stan<\/a><\/h5>\n<p>&#8212;&#8212;&#8212;&#8212;&#8212;&#8212;&#8212;&#8212;&#8212;&#8212;&#8212;&#8212;&#8212;&#8212;&#8212;&#8212;&#8212;&#8212;&#8212;&#8212;&#8212;&#8212;&#8212;&#8212;&#8212;&#8212;&#8212;&#8212;&#8212;&#8212;&#8212;&#8212;&#8212;&#8212;&#8212;&#8212;&#8212;&#8212;&#8212;&#8212;&#8212;&#8212;&#8212;&#8212;&#8212;<\/p>\n<h5><a title=\"Ulupamir K\u0131rg\u0131zlar\u0131 Aras\u0131nda D\u00f6rt G\u00fcn\" href=\"https:\/\/tehlikedekidiller.com\/?page_id=1577\">Ulupam\u0130r K\u0131rg\u0131zlar\u0131 Aras\u0131nda D\u00f6rt G\u00fcn<\/a><\/h5>\n<p>&#8212;&#8212;&#8212;&#8212;&#8212;&#8212;&#8212;&#8212;&#8212;&#8212;&#8212;&#8212;&#8212;&#8212;&#8212;&#8212;&#8212;&#8212;&#8212;&#8212;&#8212;&#8212;&#8212;&#8212;&#8212;&#8212;&#8212;&#8212;&#8212;&#8212;&#8212;&#8212;&#8212;&#8212;&#8212;&#8212;&#8212;&#8212;&#8212;&#8212;&#8212;&#8212;&#8212;&#8212;&#8212;<\/p>\n<h5><a title=\"Mikail Cengiz ile Tele\u00fctler ve Tele\u00fct\u00e7e \u00dczerine\" href=\"https:\/\/tehlikedekidiller.com\/?page_id=1453\">M\u0130ka\u0130l Ceng\u0130z \u0130le Tele\u00fctler ve Tele\u00fct\u00e7e \u00dczer\u0130ne<\/a><\/h5>\n<p>&#8212;&#8212;&#8212;&#8212;&#8212;&#8212;&#8212;&#8212;&#8212;&#8212;&#8212;&#8212;&#8212;&#8212;&#8212;&#8212;&#8212;&#8212;&#8212;&#8212;&#8212;&#8212;&#8212;&#8212;&#8212;&#8212;&#8212;&#8212;&#8212;&#8212;&#8212;&#8212;&#8212;&#8212;&#8212;&#8212;&#8212;&#8212;&#8212;&#8212;&#8212;&#8212;&#8212;&#8212;&#8212;<\/p>\n<h5><a title=\"Ba\u015fkent \u00dcniversitesi T\u00fcrk Dili ve Edebiyat\u0131 B\u00f6l\u00fcm\u00fc\u2019nden \u00d6zbek G\u00fcn\u00fc Etkinli\u011fi\" href=\"https:\/\/tehlikedekidiller.com\/?page_id=1418\">Ba\u015fkent \u00dcn\u0130vers\u0130tes\u0130 T\u00fcrk D\u0130l\u0130 ve Edeb\u0130yat\u0131 B\u00f6l\u00fcm\u00fc\u2019nden \u00d6zbek G\u00fcn\u00fc Etk\u0130nl\u0130\u011f\u0130<\/a><\/h5>\n<p>&#8212;&#8212;&#8212;&#8212;&#8212;&#8212;&#8212;&#8212;&#8212;&#8212;&#8212;&#8212;&#8212;&#8212;&#8212;&#8212;&#8212;&#8212;&#8212;&#8212;&#8212;&#8212;&#8212;&#8212;&#8212;&#8212;&#8212;&#8212;&#8212;&#8212;&#8212;&#8212;&#8212;&#8212;&#8212;&#8212;&#8212;&#8212;&#8212;&#8212;&#8212;&#8212;&#8212;&#8212;&#8212;<\/p>\n<h5><a title=\"Ba\u015fkent \u00dcniversitesi T\u00fcrk Dili ve Edebiyat\u0131 \u00d6\u011frencileri T\u00dcRKSOY\u2019da\" href=\"https:\/\/tehlikedekidiller.com\/?page_id=1426\">Ba\u015fkent \u00dcnivers\u0130tes\u0130 T\u00fcrk D\u0130l\u0130 ve Edeb\u0130yat\u0131 \u00d6\u011frenc\u0130ler\u0130 T\u00dcRKSOY\u2019da<\/a><\/h5>\n<p>&#8212;&#8212;&#8212;&#8212;&#8212;&#8212;&#8212;&#8212;&#8212;&#8212;&#8212;&#8212;&#8212;&#8212;&#8212;&#8212;&#8212;&#8212;&#8212;&#8212;&#8212;&#8212;&#8212;&#8212;&#8212;&#8212;&#8212;&#8212;&#8212;&#8212;&#8212;&#8212;&#8212;&#8212;&#8212;&#8212;&#8212;&#8212;&#8212;&#8212;&#8212;&#8212;&#8212;&#8212;&#8212;<\/p>\n<h5><a title=\"Duhalar \u00dczerine Selcen K\u00fc\u00e7\u00fck\u00fcstel \u0130le Bir S\u00f6yle\u015fi\" href=\"https:\/\/tehlikedekidiller.com\/?page_id=1266\">Duhalar \u00dczer\u0130ne Selcen K\u00fc\u00e7\u00fck\u00fcstel \u0130le B\u0130r S\u00f6yle\u015f\u0130<\/a><\/h5>\n<p>&#8212;&#8212;&#8212;&#8212;&#8212;&#8212;&#8212;&#8212;&#8212;&#8212;&#8212;&#8212;&#8212;&#8212;&#8212;&#8212;&#8212;&#8212;&#8212;&#8212;&#8212;&#8212;&#8212;&#8212;&#8212;&#8212;&#8212;&#8212;&#8212;&#8212;&#8212;&#8212;&#8212;&#8212;&#8212;&#8212;&#8212;&#8212;&#8212;&#8212;&#8212;&#8212;&#8212;&#8212;&#8212;<\/p>\n<h5><a title=\"Timur Davletov \u0130le Hakaslar ve Hakas\u00e7a\u2019ya Da\u0130r\" href=\"https:\/\/tehlikedekidiller.com\/?page_id=1188\">T\u0130mur Davletov \u0130le Hakaslar ve Hakas\u00e7a\u2019ya Da\u0130r<\/a><\/h5>\n<p>&#8212;&#8212;&#8212;&#8212;&#8212;&#8212;&#8212;&#8212;&#8212;&#8212;&#8212;&#8212;&#8212;&#8212;&#8212;&#8212;&#8212;&#8212;&#8212;&#8212;&#8212;&#8212;&#8212;&#8212;&#8212;&#8212;&#8212;&#8212;&#8212;&#8212;&#8212;&#8212;&#8212;&#8212;&#8212;&#8212;&#8212;&#8212;&#8212;&#8212;&#8212;&#8212;&#8212;&#8212;&#8212;<\/p>\n<h5><a title=\"Tehlikedeki T\u00fcrk Dilleri Projesi Kazakistan B\u00fcy\u00fckel\u00e7ili\u011fi\u2019nde\" href=\"https:\/\/tehlikedekidiller.com\/?page_id=1150\">Tehl\u0130kedek\u0130 T\u00fcrk D\u0130ller\u0130 Projes\u0130 Kazak\u0130stan B\u00fcy\u00fckel\u00e7\u0130l\u0130\u011f\u0130\u2019nde<\/a><\/h5>\n<p>&#8212;&#8212;&#8212;&#8212;&#8212;&#8212;&#8212;&#8212;&#8212;&#8212;&#8212;&#8212;&#8212;&#8212;&#8212;&#8212;&#8212;&#8212;&#8212;&#8212;&#8212;&#8212;&#8212;&#8212;&#8212;&#8212;&#8212;&#8212;&#8212;&#8212;&#8212;&#8212;&#8212;&#8212;&#8212;&#8212;&#8212;&#8212;&#8212;&#8212;&#8212;&#8212;&#8212;&#8212;&#8212;<\/p>\n<h5><a title=\"Ba\u015fkurtlar ve Nogaylar \u00dczerine Konferans\" href=\"https:\/\/tehlikedekidiller.com\/?page_id=1144\">Ba\u015fkurtlar ve Nogaylar \u00dczer\u0130ne Konferans<\/a><\/h5>\n<p>&#8212;&#8212;&#8212;&#8212;&#8212;&#8212;&#8212;&#8212;&#8212;&#8212;&#8212;&#8212;&#8212;&#8212;&#8212;&#8212;&#8212;&#8212;&#8212;&#8212;&#8212;&#8212;&#8212;&#8212;&#8212;&#8212;&#8212;&#8212;&#8212;&#8212;&#8212;&#8212;&#8212;&#8212;&#8212;&#8212;&#8212;&#8212;&#8212;&#8212;&#8212;&#8212;&#8212;&#8212;&#8212;<\/p>\n<h5><a title=\"D\u00fcnyan\u0131n \u00c7at\u0131s\u0131nda Unutulanlar ve Matthieu Paley\" href=\"https:\/\/tehlikedekidiller.com\/?page_id=1161\">D\u00fcnyan\u0131n \u00c7at\u0131s\u0131nda Unutulanlar ve Matth\u0130eu Paley<\/a><\/h5>\n<p>&#8212;&#8212;&#8212;&#8212;&#8212;&#8212;&#8212;&#8212;&#8212;&#8212;&#8212;&#8212;&#8212;&#8212;&#8212;&#8212;&#8212;&#8212;&#8212;&#8212;&#8212;&#8212;&#8212;&#8212;&#8212;&#8212;&#8212;&#8212;&#8212;&#8212;&#8212;&#8212;&#8212;&#8212;&#8212;&#8212;&#8212;&#8212;&#8212;&#8212;&#8212;&#8212;&#8212;&#8212;&#8212;<\/p>\n<h5><a title=\"Ahat Salihov ile Ba\u015fkurtlar ve Ba\u015fkurt\u00e7a \u00dczerine (On the Bashkirs and Bashkir language )\" href=\"https:\/\/tehlikedekidiller.com\/?page_id=1167\">Ahat Sal\u0130hov \u0130le Ba\u015fkurtlar ve Ba\u015fkurt\u00e7a \u00dczer\u0130ne (On the Bashkirs and Bashkir language)<\/a><\/h5>\n<p>&#8212;&#8212;&#8212;&#8212;&#8212;&#8212;&#8212;&#8212;&#8212;&#8212;&#8212;&#8212;&#8212;&#8212;&#8212;&#8212;&#8212;&#8212;&#8212;&#8212;&#8212;&#8212;&#8212;&#8212;&#8212;&#8212;&#8212;&#8212;&#8212;&#8212;&#8212;&#8212;&#8212;&#8212;&#8212;&#8212;&#8212;&#8212;&#8212;&#8212;&#8212;&#8212;&#8212;&#8212;&#8212;<\/p>\n<h5><a title=\"T\u00dcRKSOY Heyeti \u201cSunan\u201d Sar\u0131 Uygur B\u00f6lgesi\u2019nde\u2026 (TURKSOY delegation at Uyghur region \u201cSunan\u201d)\" href=\"https:\/\/tehlikedekidiller.com\/?page_id=1169\">T\u00dcRKSOY Heyet\u0130 \u201cSunan\u201d Sar\u0131 Uygur B\u00f6lges\u0130\u2019nde\u2026 (TURKSOY delegation at Uyghur region \u201cSunan\u201d)<\/a><\/h5>\n<p>&#8212;&#8212;&#8212;&#8212;&#8212;&#8212;&#8212;&#8212;&#8212;&#8212;&#8212;&#8212;&#8212;&#8212;&#8212;&#8212;&#8212;&#8212;&#8212;&#8212;&#8212;&#8212;&#8212;&#8212;&#8212;&#8212;&#8212;&#8212;&#8212;&#8212;&#8212;&#8212;&#8212;&#8212;&#8212;&#8212;&#8212;&#8212;&#8212;&#8212;&#8212;&#8212;&#8212;&#8212;&#8212;<\/p>\n<h5><a title=\"\u201cTehlikedeki Diller Projesi\u201d S\u00fcr\u00fcyor\" href=\"https:\/\/tehlikedekidiller.com\/?page_id=1171\">\u201cTehl\u0130kedek\u0130 D\u0130ller Projes\u0130\u201d S\u00fcr\u00fcyor<\/a><\/h5>\n<p>&#8212;&#8212;&#8212;&#8212;&#8212;&#8212;&#8212;&#8212;&#8212;&#8212;&#8212;&#8212;&#8212;&#8212;&#8212;&#8212;&#8212;&#8212;&#8212;&#8212;&#8212;&#8212;&#8212;&#8212;&#8212;&#8212;&#8212;&#8212;&#8212;&#8212;&#8212;&#8212;&#8212;&#8212;&#8212;&#8212;&#8212;&#8212;&#8212;&#8212;&#8212;&#8212;&#8212;&#8212;&#8212;<\/p>\n<h5><a title=\"Avrasya\u2019da Yeniden \u00c7izilen S\u0131n\u0131rlar, \u0130n\u015fa Edilen Kimlikler Projesi Tamamland\u0131\" href=\"https:\/\/tehlikedekidiller.com\/?page_id=1173\" data-wplink-edit=\"true\">Avrasya\u2019da Yen\u0130den \u00c7\u0130z\u0130len S\u0131n\u0131rlar, \u0130n\u015fa Ed\u0130len K\u0130ml\u0130kler Projes\u0130 Tamamland\u0131<\/a><\/h5>\n","protected":false},"excerpt":{"rendered":"<p>Haberler Kongaz L\u0130ses\u0130\u2019ne Todur Zanet\u2019\u0130n Ad\u0131 Ver\u0130ld\u0130 (Kongaz High School Named After Todur Zanet) &#8212;&#8212;&#8212;&#8212;&#8212;&#8212;&#8212;&#8212;&#8212;&#8212;&#8212;&#8212;&#8212;&#8212;&#8212;&#8212;&#8212;&#8212;&#8212;&#8212;&#8212;&#8212;&#8212;&#8212;&#8212;&#8212;&#8212;&#8212;&#8212;&#8212;&#8212;&#8212;&#8212;&#8212;&#8212;&#8212;&#8212;&#8212;&#8212;&#8212;&#8212;&#8212;&#8212;&#8212;&#8212; \u0130stanbul&#8217;dak\u0130 Karaylar &#8212;&#8212;&#8212;&#8212;&#8212;&#8212;&#8212;&#8212;&#8212;&#8212;&#8212;&#8212;&#8212;&#8212;&#8212;&#8212;&#8212;&#8212;&#8212;&#8212;&#8212;&#8212;&#8212;&#8212;&#8212;&#8212;&#8212;&#8212;&#8212;&#8212;&#8212;&#8212;&#8212;&#8212;&#8212;&#8212;&#8212;&#8212;&#8212;&#8212;&#8212;&#8212;&#8212;&#8212;&#8212; Somut Olmayan K\u00fclt\u00fcrel M\u0130ras\u0131n Korunmas\u0131 Ba\u011flam\u0131nda K\u0131r\u0131m Tatar Geleneksel Halk K\u00fclt\u00fcr\u00fcn\u00fcn Tesp\u0130t\u0130 ve \u0130ncelenmes\u0130: Esk\u0130\u015feh\u0130r \u00d6rne\u011f\u0130 &#8212;&#8212;&#8212;&#8212;&#8212;&#8212;&#8212;&#8212;&#8212;&#8212;&#8212;&#8212;&#8212;&#8212;&#8212;&#8212;&#8212;&#8212;&#8212;&#8212;&#8212;&#8212;&#8212;&#8212;&#8212;&#8212;&#8212;&#8212;&#8212;&#8212;&#8212;&#8212;&#8212;&#8212;&#8212;&#8212;&#8212;&#8212;&#8212;&#8212;&#8212;&#8212;&#8212;&#8212;&#8212; M\u0130ka\u0130l Ceng\u0130z&#8217;le Tele\u00fct\u00e7e \u00dczer\u0130ne &#8212;&#8212;&#8212;&#8212;&#8212;&#8212;&#8212;&#8212;&#8212;&#8212;&#8212;&#8212;&#8212;&#8212;&#8212;&#8212;&#8212;&#8212;&#8212;&#8212;&#8212;&#8212;&#8212;&#8212;&#8212;&#8212;&#8212;&#8212;&#8212;&#8212;&#8212;&#8212;&#8212;&#8212;&#8212;&#8212;&#8212;&#8212;&#8212;&#8212;&#8212;&#8212;&#8212;&#8212;&#8212; Kazak &#8211; Nogay Dostluk Geces\u0130 &#8212;&#8212;&#8212;&#8212;&#8212;&#8212;&#8212;&#8212;&#8212;&#8212;&#8212;&#8212;&#8212;&#8212;&#8212;&#8212;&#8212;&#8212;&#8212;&#8212;&#8212;&#8212;&#8212;&#8212;&#8212;&#8212;&#8212;&#8212;&#8212;&#8212;&#8212;&#8212;&#8212;&#8212;&#8212;&#8212;&#8212;&#8212;&#8212;&#8212;&#8212;&#8212;&#8212;&#8212;&#8212; Feyz\u0130 Ersoy&#8217;un Anlat\u0131m\u0131yla \u00c7uva\u015flar ve \u00c7uva\u015f\u0130stan &#8212;&#8212;&#8212;&#8212;&#8212;&#8212;&#8212;&#8212;&#8212;&#8212;&#8212;&#8212;&#8212;&#8212;&#8212;&#8212;&#8212;&#8212;&#8212;&#8212;&#8212;&#8212;&#8212;&#8212;&#8212;&#8212;&#8212;&#8212;&#8212;&#8212;&#8212;&#8212;&#8212;&#8212;&#8212;&#8212;&#8212;&#8212;&#8212;&#8212;&#8212;&#8212;&#8212;&#8212;&#8212; Ulupam\u0130r K\u0131rg\u0131zlar\u0131 Aras\u0131nda D\u00f6rt G\u00fcn &#8212;&#8212;&#8212;&#8212;&#8212;&#8212;&#8212;&#8212;&#8212;&#8212;&#8212;&#8212;&#8212;&#8212;&#8212;&#8212;&#8212;&#8212;&#8212;&#8212;&#8212;&#8212;&#8212;&#8212;&#8212;&#8212;&#8212;&#8212;&#8212;&#8212;&#8212;&#8212;&#8212;&#8212;&#8212;&#8212;&#8212;&#8212;&#8212;&#8212;&#8212;&#8212;&#8212;&#8212;&#8212; M\u0130ka\u0130l Ceng\u0130z \u0130le Tele\u00fctler ve Tele\u00fct\u00e7e \u00dczer\u0130ne &#8212;&#8212;&#8212;&#8212;&#8212;&#8212;&#8212;&#8212;&#8212;&#8212;&#8212;&#8212;&#8212;&#8212;&#8212;&#8212;&#8212;&#8212;&#8212;&#8212;&#8212;&#8212;&#8212;&#8212;&#8212;&#8212;&#8212;&#8212;&#8212;&#8212;&#8212;&#8212;&#8212;&#8212;&#8212;&#8212;&#8212;&#8212;&#8212;&#8212;&#8212;&#8212;&#8212;&#8212;&#8212; Ba\u015fkent \u00dcn\u0130vers\u0130tes\u0130 T\u00fcrk D\u0130l\u0130 ve Edeb\u0130yat\u0131 B\u00f6l\u00fcm\u00fc\u2019nden \u00d6zbek G\u00fcn\u00fc Etk\u0130nl\u0130\u011f\u0130 &#8212;&#8212;&#8212;&#8212;&#8212;&#8212;&#8212;&#8212;&#8212;&#8212;&#8212;&#8212;&#8212;&#8212;&#8212;&#8212;&#8212;&#8212;&#8212;&#8212;&#8212;&#8212;&#8212;&#8212;&#8212;&#8212;&#8212;&#8212;&#8212;&#8212;&#8212;&#8212;&#8212;&#8212;&#8212;&#8212;&#8212;&#8212;&#8212;&#8212;&#8212;&#8212;&#8212;&#8212;&#8212; Ba\u015fkent \u00dcnivers\u0130tes\u0130 T\u00fcrk D\u0130l\u0130 ve Edeb\u0130yat\u0131 \u00d6\u011frenc\u0130ler\u0130 T\u00dcRKSOY\u2019da &#8212;&#8212;&#8212;&#8212;&#8212;&#8212;&#8212;&#8212;&#8212;&#8212;&#8212;&#8212;&#8212;&#8212;&#8212;&#8212;&#8212;&#8212;&#8212;&#8212;&#8212;&#8212;&#8212;&#8212;&#8212;&#8212;&#8212;&#8212;&#8212;&#8212;&#8212;&#8212;&#8212;&#8212;&#8212;&#8212;&#8212;&#8212;&#8212;&#8212;&#8212;&#8212;&#8212;&#8212;&#8212; Duhalar \u00dczer\u0130ne Selcen K\u00fc\u00e7\u00fck\u00fcstel \u0130le B\u0130r S\u00f6yle\u015f\u0130 &#8212;&#8212;&#8212;&#8212;&#8212;&#8212;&#8212;&#8212;&#8212;&#8212;&#8212;&#8212;&#8212;&#8212;&#8212;&#8212;&#8212;&#8212;&#8212;&#8212;&#8212;&#8212;&#8212;&#8212;&#8212;&#8212;&#8212;&#8212;&#8212;&#8212;&#8212;&#8212;&#8212;&#8212;&#8212;&#8212;&#8212;&#8212;&#8212;&#8212;&#8212;&#8212;&#8212;&#8212;&#8212; T\u0130mur Davletov \u0130le Hakaslar ve&nbsp;<a href=\"https:\/\/tehlikedekidiller.com\/?page_id=7\" class=\"read-more\">Okumaya devam et<\/a><\/p>\n","protected":false},"author":1,"featured_media":0,"parent":0,"menu_order":1,"comment_status":"open","ping_status":"closed","template":"page-fullwidth.php","meta":{"footnotes":""},"class_list":["post-7","page","type-page","status-publish","hentry"],"_links":{"self":[{"href":"https:\/\/tehlikedekidiller.com\/index.php?rest_route=\/wp\/v2\/pages\/7","targetHints":{"allow":["GET"]}}],"collection":[{"href":"https:\/\/tehlikedekidiller.com\/index.php?rest_route=\/wp\/v2\/pages"}],"about":[{"href":"https:\/\/tehlikedekidiller.com\/index.php?rest_route=\/wp\/v2\/types\/page"}],"author":[{"embeddable":true,"href":"https:\/\/tehlikedekidiller.com\/index.php?rest_route=\/wp\/v2\/users\/1"}],"replies":[{"embeddable":true,"href":"https:\/\/tehlikedekidiller.com\/index.php?rest_route=%2Fwp%2Fv2%2Fcomments&post=7"}],"version-history":[{"count":6,"href":"https:\/\/tehlikedekidiller.com\/index.php?rest_route=\/wp\/v2\/pages\/7\/revisions"}],"predecessor-version":[{"id":2059,"href":"https:\/\/tehlikedekidiller.com\/index.php?rest_route=\/wp\/v2\/pages\/7\/revisions\/2059"}],"wp:attachment":[{"href":"https:\/\/tehlikedekidiller.com\/index.php?rest_route=%2Fwp%2Fv2%2Fmedia&parent=7"}],"curies":[{"name":"wp","href":"https:\/\/api.w.org\/{rel}","templated":true}]}}