{"id":5,"date":"2011-07-14T19:45:29","date_gmt":"2011-07-14T19:45:29","guid":{"rendered":"http:\/\/tehlikedekidiller.com\/?page_id=5"},"modified":"2012-12-31T00:48:48","modified_gmt":"2012-12-30T22:48:48","slug":"hakkimizda","status":"publish","type":"page","link":"https:\/\/tehlikedekidiller.com\/?page_id=5","title":{"rendered":"Hakk\u0131m\u0131zda"},"content":{"rendered":"<div class=\"grid_7  suffix_1 spacer2\"><h2><\/h2>\n<div class=\"wrapper\">\n<div class=\"frame alignleft\"><img loading=\"lazy\" decoding=\"async\" width=\"244\" height=\"335\" class=\"alignleft  wp-image-510\" title=\"about-img1\" src=\"https:\/\/tehlikedekidiller.com\/wp-content\/uploads\/2011\/07\/about-img1.jpg\" alt=\"\" srcset=\"https:\/\/tehlikedekidiller.com\/wp-content\/uploads\/2011\/07\/about-img1.jpg 244w, https:\/\/tehlikedekidiller.com\/wp-content\/uploads\/2011\/07\/about-img1-218x300.jpg 218w\" sizes=\"auto, (max-width: 244px) 100vw, 244px\" \/><\/div><!-- .frame (end) -->\n<h5 style=\"text-align: justify;\">Tehl\u0130kedek\u0130 D\u0130ller Projes\u0130<\/h5>\n<p style=\"text-align: justify;\">\u0130nsanl\u0131\u011f\u0131n en \u00f6nemli de\u011ferlerinden biri ve binlerce y\u0131ll\u0131k maddi ve manevi k\u00fclt\u00fcr \u00fcr\u00fcnlerinin ta\u015f\u0131y\u0131c\u0131s\u0131 ve aktar\u0131c\u0131s\u0131 olan dillerin b\u00fcy\u00fck bir b\u00f6l\u00fcm\u00fc, k\u00fcreselle\u015fme ve k\u00fcresel g\u00fc\u00e7lerin dillerinin ve k\u00fclt\u00fcrlerinin yo\u011fun etkisi sonucunda h\u0131zla yok olmaya do\u011fru s\u00fcr\u00fcklenmektedir. Yap\u0131lan bilimsel \u00e7al\u0131\u015fmalardan elde edilen veriler yery\u00fcz\u00fcndeki dil \u00e7e\u015fitlili\u011fin giderek azald\u0131\u011f\u0131n\u0131 ve yak\u0131n bir gelecekte UNESCO\u2019nun saptamalar\u0131na g\u00f6re yakla\u015f\u0131k 6700 dilin b\u00fcy\u00fck bir b\u00f6l\u00fcm\u00fcn\u00fcn 21. y\u00fczy\u0131l\u0131n sonunda konu\u015furlar\u0131n\u0131n t\u00fcm\u00fcn\u00fc yitirece\u011fini ortaya koymaktad\u0131r. Uluslararas\u0131 literat\u00fcrde \u201ctehlikedeki diller\u201d olarak adland\u0131r\u0131lan ve konu\u015fur say\u0131s\u0131 giderek azalan bu diller aras\u0131nda T\u00fcrk dilleri \u00f6nemli bir yer tutmaktad\u0131r. Bug\u00fcn ba\u011f\u0131ms\u0131z devletlere sahip T\u00fcrk cumhuriyetleri d\u0131\u015f\u0131nda \u00f6zellikle Rusya Federasyonu\u2019ndaki ve \u0130ran, \u00c7in, Afganistan ve di\u011fer \u00fclkelerdeki T\u00fcrk dillerinin Tatarca ve \u0130ran\u2019daki Azerice vb. T\u00fcrk dillerinin sahip olduklar\u0131 demografik avantajlar nedeniyle bug\u00fcn i\u00e7in tehlikede bulunmamalar\u0131na kar\u015f\u0131n di\u011fer az konu\u015furlu T\u00fcrk\u00e7e yaz\u0131l\u0131 ve s\u00f6zl\u00fc de\u011fi\u015fkelerin tamam\u0131 farkl\u0131 basamaklarda yok olma tehlikesiyle kar\u015f\u0131 kar\u015f\u0131yad\u0131r.<br \/>\nBu proje, her biri yazd\u0131\u011f\u0131 dille ilgili uzun y\u0131llara dayal\u0131 \u00e7al\u0131\u015fmalar\u0131 bulunan bilim insanlar\u0131n\u0131n bir araya gelerek yaratt\u0131\u011f\u0131 sinerji ile Tehlikedeki T\u00fcrk Dilleri olgusuna y\u00f6nelik ba\u015fta T\u00fcrk dilli d\u00fcnyan\u0131n halklar\u0131 aras\u0131nda duyarl\u0131k yaratmak ve bu konudaki ortak bilincin geli\u015fmesine katk\u0131da bulunarak en az\u0131ndan bu dillerin bir k\u0131sm\u0131n\u0131n son seslerini kaybetmeden kurtarabilecek yol ve y\u00f6ntemleri g\u00fcndeme getirmek ve bu konularda \u015fu ana de\u011fin yap\u0131lan \u00f6rnek \u00e7al\u0131\u015fmalardan yararlan\u0131labilecek ortam\u0131 olu\u015fturmakt\u0131r.<br \/>\nBu paradigmalardan hareketle haz\u0131rlanan \u201cTehlikedeki T\u00fcrk Dilleri\u201d kitab\u0131nda, diller riskin derecesine g\u00f6re \u201cRiski G\u00f6rece D\u00fc\u015f\u00fck Tehlikedeki T\u00fcrk Dilleri\u201d ve \u201cRiski Y\u00fcksek T\u00fcrk Dilleri\u201d olmak \u00fczere iki ayr\u0131 ciltte ele al\u0131nacakt\u0131r. Daha sonra d\u00fcnyada tehlikedeki diller olgusunun bir par\u00e7as\u0131 olan az konu\u015furlu T\u00fcrk dillerine uluslararas\u0131 bilim d\u00fcnyas\u0131 dikkatini \u00e7ekmek ve bu konuda bir ba\u015fvuru kayna\u011f\u0131 sa\u011flamak \u00fczere her iki kitap \u0130ngilizce olarak yay\u0131mlanacakt\u0131r.<br \/>\nKitaplar\u0131n yay\u0131mlanma s\u00fcrecinde ba\u015fta b\u00f6l\u00fcm yazarlar\u0131 olmak \u00fczere konuyla do\u011frudan ilgili akademisyenlerin ve bilim insanlar\u0131n\u0131n kat\u0131l\u0131m\u0131yla tehlikedeki T\u00fcrk dilleri temas\u0131n\u0131n tart\u0131\u015f\u0131lmas\u0131n\u0131 ve bu tart\u0131\u015fmalara g\u00f6re Tehlikedeki T\u00fcrk Dilleri El Kitab\u0131\u2019n\u0131n son \u015feklinin verilmesini sa\u011flayacak bir toplant\u0131 d\u00fczenlenmesi ama\u00e7lanmaktad\u0131r.<\/p>\n<p style=\"text-align: justify;\">Bunlardan ba\u015fka projenin s\u00fcreklili\u011fini sa\u011flamak, \u00fclkemizde bu konuda bir g\u00fcndem olu\u015fturmak ve bilimsel \u00e7al\u0131\u015fma ortam\u0131 ve f\u0131rsatlar\u0131n\u0131n yarat\u0131lmas\u0131na katk\u0131da bulunmak \u00fczere Tehlikedeki Diller Dergisi (TDD), \u0130ngilizce olarak yay\u0131mlanacakt\u0131r.<\/p>\n<\/div>\n<h2>Ek\u0130p<\/h2>\n<ul class=\"recent-posts team\"><li class=\"entry\"><figure class=\"featured-thumbnail\"><a href=\"https:\/\/tehlikedekidiller.com\/?team=ulku-celik-savk-2\" title=\"\u00dclk\u00fc \u00c7el\u0130k \u015eavk\"><img decoding=\"async\"  src=\"https:\/\/tehlikedekidiller.com\/wp-content\/uploads\/13-137x150.jpg\"\/><\/a><\/figure><h5><a href=\"https:\/\/tehlikedekidiller.com\/?team=ulku-celik-savk-2\" title=\"\u00dclk\u00fc \u00c7el\u0130k \u015eavk\">\u00dclk\u00fc \u00c7el\u0130k \u015eavk<\/a><\/h5><div class=\"excerpt\">... <\/div><div class=\"clear\"><\/div><\/li><!-- .entry (end) --><li class=\"entry\"><figure class=\"featured-thumbnail\"><a href=\"https:\/\/tehlikedekidiller.com\/?team=suer-eker-2\" title=\"S\u00fcer Eker\"><img decoding=\"async\"  src=\"https:\/\/tehlikedekidiller.com\/wp-content\/uploads\/suer-eker-146x150.jpg\"\/><\/a><\/figure><h5><a href=\"https:\/\/tehlikedekidiller.com\/?team=suer-eker-2\" title=\"S\u00fcer Eker\">S\u00fcer Eker<\/a><\/h5><div class=\"excerpt\">... <\/div><div class=\"clear\"><\/div><\/li><!-- .entry (end) --><\/ul><!-- .recent-posts (end) --><\/div>\n<div class=\"grid_4 \"><img loading=\"lazy\" decoding=\"async\" width=\"338\" height=\"461\" class=\"alignright  wp-image-851\" title=\"\u00e7a\u011fr\u0131\" src=\"https:\/\/tehlikedekidiller.com\/wp-content\/uploads\/111.png\" alt=\"\" srcset=\"https:\/\/tehlikedekidiller.com\/wp-content\/uploads\/111.png 338w, https:\/\/tehlikedekidiller.com\/wp-content\/uploads\/111-219x300.png 219w\" sizes=\"auto, (max-width: 338px) 100vw, 338px\" \/><\/p><\/div>\n<div class=\"clear\"><\/div>\n","protected":false},"excerpt":{"rendered":"","protected":false},"author":1,"featured_media":0,"parent":0,"menu_order":1,"comment_status":"open","ping_status":"open","template":"page-fullwidth.php","meta":{"footnotes":""},"class_list":["post-5","page","type-page","status-publish","hentry"],"_links":{"self":[{"href":"https:\/\/tehlikedekidiller.com\/index.php?rest_route=\/wp\/v2\/pages\/5","targetHints":{"allow":["GET"]}}],"collection":[{"href":"https:\/\/tehlikedekidiller.com\/index.php?rest_route=\/wp\/v2\/pages"}],"about":[{"href":"https:\/\/tehlikedekidiller.com\/index.php?rest_route=\/wp\/v2\/types\/page"}],"author":[{"embeddable":true,"href":"https:\/\/tehlikedekidiller.com\/index.php?rest_route=\/wp\/v2\/users\/1"}],"replies":[{"embeddable":true,"href":"https:\/\/tehlikedekidiller.com\/index.php?rest_route=%2Fwp%2Fv2%2Fcomments&post=5"}],"version-history":[{"count":97,"href":"https:\/\/tehlikedekidiller.com\/index.php?rest_route=\/wp\/v2\/pages\/5\/revisions"}],"predecessor-version":[{"id":1932,"href":"https:\/\/tehlikedekidiller.com\/index.php?rest_route=\/wp\/v2\/pages\/5\/revisions\/1932"}],"wp:attachment":[{"href":"https:\/\/tehlikedekidiller.com\/index.php?rest_route=%2Fwp%2Fv2%2Fmedia&parent=5"}],"curies":[{"name":"wp","href":"https:\/\/api.w.org\/{rel}","templated":true}]}}