{"id":1577,"date":"2013-12-22T15:33:09","date_gmt":"2013-12-22T13:33:09","guid":{"rendered":"http:\/\/tehlikedekidiller.com\/?page_id=1577"},"modified":"2013-12-22T16:23:22","modified_gmt":"2013-12-22T14:23:22","slug":"ulupamir-kirgizlari-arasinda-dort-gun","status":"publish","type":"page","link":"https:\/\/tehlikedekidiller.com\/?page_id=1577","title":{"rendered":"ULUPAM\u0130R KIRGIZLARI ARASINDA D\u00d6RT G\u00dcN"},"content":{"rendered":"<p><strong><\/p>\n<p style=\"text-align: left;\" align=\"right\">ULUPAM\u0130R KIRGIZLARI ARASINDA D\u00d6RT G\u00dcN<\/p>\n<p style=\"text-align: left;\" align=\"right\">Efe Samet KARABACAK (Hacettepe \u00dcniversitesi \u00d6\u011frencisi)<\/p>\n<p><\/strong><\/p>\n<p>Hacettepe \u00dcniversitesi, T\u00fcrk Dili ve Edebiyat\u0131 B\u00f6l\u00fcm\u00fc Y\u00fcksek Lisans program\u0131nda yer alan Tehlikedeki Dil Olgusu ve Dilleri Koruma Y\u00f6ntemleri dersi d\u00f6nem \u00e7al\u0131\u015fmas\u0131 olarak Prof.Dr. \u00dclk\u00fc \u00c7elik \u015eavk ile geli\u015ftirdi\u011fimiz bir proje \u00e7er\u00e7evesinde ger\u00e7ekle\u015ftirdi\u011fim k\u0131sa bir saha \u00e7al\u0131\u015fmas\u0131n\u0131 k\u0131saca payla\u015fmak isterim.<\/p>\n<p>Afganistan\u2019\u0131n Pamir b\u00f6lgesinden 1982 y\u0131l\u0131nda T\u00fcrkiye\u2019ye g\u00f6\u00e7 eden ve Van\u2019\u0131n Erci\u015f \u0130l\u00e7esi yak\u0131nlar\u0131nda kurulan Ulupamir K\u00f6y\u00fc\u2019ne yerle\u015ftirilen K\u0131rg\u0131zlar\u0131n dil ve k\u00fclt\u00fcrlerini yerinde g\u00f6zlemlemek \u00fczere 23-26 Kas\u0131m 2013 tarihinde d\u00f6rt g\u00fcnl\u00fck bir \u00e7al\u0131\u015fma yapmak \u00fczere Ankara\u2019dan Van\u2019a ve oradan da Erci\u015f\u2019e ge\u00e7tim. Van Erci\u015f aras\u0131 yakla\u015f\u0131k bir bu\u00e7uk saat, oradan Ulupamir K\u00f6y\u00fc ise yar\u0131m saat s\u00fcrd\u00fc.<\/p>\n<p>Erci\u015f\u2019ten Ulupamir\u2019e kadar bana e\u015flik eden S\u00fcleyman TA\u015eKIN, k\u00f6y muhtar\u0131 Kas\u0131mbek VAROL ile tan\u0131\u015fmam\u0131 da sa\u011flad\u0131. Muhtar, geleneksel K\u0131rg\u0131z misafirperverli\u011fi ile beni misafirhane olarak da kulland\u0131\u011f\u0131 kendi evinin alt kat\u0131na yerle\u015ftirdi. Kendisinden, Pamir K\u0131rg\u0131zlar\u0131 ile ilgili Ulupamir K\u00f6y\u00fcne g\u00f6\u00e7 \u00f6yk\u00fcleri, k\u00f6ydeki ya\u015fam standartlar\u0131, erkek-kad\u0131n n\u00fcfusu, \u00e7ocuklar\u0131n e\u011fitim sorunlar\u0131 ve e\u011fitim durumlar\u0131 vs. gibi konularda \u00f6n bilgiler ald\u0131m.<\/p>\n<p>\u0130\u00e7inde \u00fc\u00e7 gece ge\u00e7irdi\u011fim oda K\u0131rg\u0131z el i\u015flemeleri ve s\u00fcs e\u015fyalar\u0131 ile d\u00f6\u015fenmi\u015fti. Ayr\u0131ca duvarlar\u0131nda, Pamir K\u0131rg\u0131zlar\u0131n\u0131n son han\u0131 ve ayn\u0131 zamanda muhtar\u0131n amcas\u0131 olan merhum Hac\u0131 Rahman KUL ve muhtar\u0131n merhum babas\u0131 \u015eakir VAROL\u2019un foto\u011fraflar\u0131 da vard\u0131. Kas\u0131mbek bey bana k\u0131saca amcas\u0131n\u0131 anlatt\u0131 ve birinci g\u00fcn\u00fcn ak\u015fam\u0131 yeme\u011fini birlikte yemek i\u00e7in beni \u00fcst kattaki kendi evine davet etti.<\/p>\n<p style=\"text-align: justify;\"><strong> <img loading=\"lazy\" decoding=\"async\" class=\"aligncenter size-full wp-image-1193\" title=\"Adsiz1\" src=\"https:\/\/tehlikedekidiller.com\/wp-content\/uploads\/Adsiz1.png\" alt=\"\" width=\"500\" height=\"375\" \/><\/strong><\/p>\n<p><em>Han Hac\u0131 Rahman KUL<\/em><\/p>\n<p>Ak\u015fam yeme\u011finde benimle birlikte misafir olarak Abd\u00fclvahid BARBAROS, Halimi G\u00d6KSU ve Hanifi C\u0130HANG\u0130r de vard\u0131. Kendilerinden ara\u015ft\u0131rma konum kapsam\u0131nda bilgiler edindim ve k\u0131sa k\u0131sa m\u00fclakat yapt\u0131m. Beraberimde getirdi\u011fim anket \u00e7al\u0131\u015fmas\u0131n\u0131 uygulad\u0131m. Kamera ve ses kay\u0131t cihaz\u0131 vas\u0131tas\u0131 ile kay\u0131tlar\u0131n\u0131 da alarak belgeledi\u011fim bu ki\u015filerden, e\u011fitim durumlar\u0131, konu\u015ftuklar\u0131 ve konu\u015fmak zorunda olduklar\u0131 dillerin neler oldu\u011fu, meslekleri, dilleri konusundaki d\u00fc\u015f\u00fcnceleri ve kayg\u0131lar\u0131 ile birlikte K\u0131rg\u0131z T\u00fcrklerine ait hala devam eden ve festivallerinde de g\u00f6rebilece\u011fimiz O\u011flak Kapma (BUZKA\u015e\u0130), A\u015f\u0131k Oyunu gibi e\u011flenceleri hakk\u0131nda yaz\u0131l\u0131 ve s\u00f6zl\u00fc bilgiler toplad\u0131m. Ayr\u0131ca bana ertesi g\u00fcn bir festival olaca\u011f\u0131 haberini verdiler. Bu, benim i\u00e7in g\u00fczel bir s\u00fcrpriz olmu\u015ftu.\u00a0 O gece deliksiz bir uyku \u00e7ektim.<\/p>\n<p style=\"text-align: justify;\"><strong> <img loading=\"lazy\" decoding=\"async\" class=\"aligncenter size-full wp-image-1193\" title=\"Adsiz2\" src=\"https:\/\/tehlikedekidiller.com\/wp-content\/uploads\/Adsiz2.png\" alt=\"\" width=\"500\" height=\"375\" \/><\/strong><\/p>\n<p><em>Muhtar Kas\u0131mbek VAROL, Halimi G\u00d6KSU, Hanifi C\u0130HANG\u0130R<\/em><\/p>\n<p style=\"text-align: justify;\"><strong> <img loading=\"lazy\" decoding=\"async\" class=\"aligncenter size-full wp-image-1193\" title=\"Adsiz3\" src=\"https:\/\/tehlikedekidiller.com\/wp-content\/uploads\/Adsiz3.png\" alt=\"\" width=\"500\" height=\"375\" \/><\/strong><\/p>\n<p><em>Abd\u00fclvahid BARBAROS ile muhtar\u0131n k\u0131z\u0131 Sema Nur VAROL<\/em><\/p>\n<p>24 Kas\u0131m Pazar sabah\u0131, g\u00fcne m\u00fckemmel bir K\u0131rg\u0131z kahvalt\u0131s\u0131 ile ba\u015flad\u0131ktan sonra d\u00fczenlenecek olan festival alan\u0131na gitmek \u00fczere haz\u0131rlan\u0131rken, k\u00f6y sakinleri taraf\u0131ndan Muhtar\u2019a k\u00f6yde bir kad\u0131n\u0131n vefat etti\u011fi bilgisi geldi ve festivalin bu nedenle ger\u00e7ekle\u015ftirilemeyece\u011fini \u00f6\u011frendim. Bu \u00e7ok \u00fcz\u00fcc\u00fc bir durumdu ve b\u00fct\u00fcn k\u00f6y halk\u0131 cenaze sahiplerinin evine yard\u0131ma ko\u015fmu\u015ftu.<\/p>\n<p style=\"text-align: justify;\"><strong> <img loading=\"lazy\" decoding=\"async\" class=\"aligncenter size-full wp-image-1193\" title=\"Adsiz4\" src=\"https:\/\/tehlikedekidiller.com\/wp-content\/uploads\/Adsiz4.png\" alt=\"\" width=\"500\" height=\"375\" \/><\/strong><\/p>\n<p><em>Cenaze helvas\u0131 pi\u015firen kad\u0131nlar.<\/em><\/p>\n<p style=\"text-align: justify;\"><strong> <img loading=\"lazy\" decoding=\"async\" class=\"aligncenter size-full wp-image-1193\" title=\"Adsiz5\" src=\"https:\/\/tehlikedekidiller.com\/wp-content\/uploads\/Adsiz5.png\" alt=\"\" width=\"500\" height=\"375\" \/><\/strong><\/p>\n<p><em>Cenaze namaz\u0131 sonras\u0131 erkekler.<\/em><\/p>\n<p>Ara\u015ft\u0131rmama muhtar\u0131n tan\u0131\u015ft\u0131rd\u0131\u011f\u0131 Sadi POLAT isimli \u00f6\u011fretmenin yard\u0131m\u0131 ile devam ettim. Sadi \u00d6\u011fretmen ile birlikte 92 ya\u015f\u0131ndaki \u00e2m\u00e2 Adil U\u011eUREL ile g\u00f6r\u00fc\u015ft\u00fck. Kendisi birka\u00e7 mani s\u00f6yledi. Asl\u0131nda farkl\u0131 bir zamana denk gelse, \u00e7ok daha fazla malzeme derleyebilece\u011fim Adil amca, o g\u00fcn vefat eden teyzenin yak\u0131n\u0131 oldu\u011fu i\u00e7in s\u00f6z\u00fc fazla uzatmak istemedi. Ben de kendisine hak verdim ve te\u015fekk\u00fcr ederek ba\u015f sa\u011fl\u0131\u011f\u0131 diledim.<\/p>\n<p style=\"text-align: justify;\"><strong> <img loading=\"lazy\" decoding=\"async\" class=\"aligncenter size-full wp-image-1193\" title=\"Adsiz6\" src=\"https:\/\/tehlikedekidiller.com\/wp-content\/uploads\/Adsiz6.png\" alt=\"\" width=\"500\" height=\"375\" \/><\/strong><\/p>\n<p><em>Adil U\u011eUREL<\/em><\/p>\n<p>Ge\u00e7imini k\u00f6y\u00fcn tek bakkal d\u00fckk\u00e2n\u0131 sayesinde sa\u011flayan Abd\u00fclvahap YAMAN bana, k\u00f6y i\u00e7inde cenaze t\u00f6reninin yap\u0131ld\u0131\u011f\u0131 yeri g\u00f6sterdi ve daha sonra g\u00f6r\u00fc\u015febilece\u011fim ya\u015fl\u0131 kimselerin bulundu\u011fu yerleri tarif etti. Gezinirken kar\u015f\u0131la\u015ft\u0131\u011f\u0131m Abd\u00fclbaki BAHADIR isimli amcayla konu\u015fup Pamir K\u0131rg\u0131zlar\u0131n\u0131n g\u00f6\u00e7leri hakk\u0131nda bilgiler edindim.<\/p>\n<p style=\"text-align: justify;\"><strong> <img loading=\"lazy\" decoding=\"async\" class=\"aligncenter size-full wp-image-1193\" title=\"Adsiz7\" src=\"https:\/\/tehlikedekidiller.com\/wp-content\/uploads\/Adsiz7.png\" alt=\"\" width=\"500\" height=\"375\" \/><\/strong><\/p>\n<p><em>Abd\u00fclbaki BAHADIR<\/em><\/p>\n<p>Bu g\u00f6\u00e7ler s\u0131ras\u0131nda ya\u015fad\u0131klar\u0131 s\u0131k\u0131nt\u0131lar\u0131 ve g\u00f6\u00e7lerin sebeplerini anlatan BAHADIR, K\u0131rg\u0131z Dili hakk\u0131ndaki kayg\u0131lar\u0131n\u0131 da payla\u015ft\u0131. Kendisiyle konu\u015furken yan\u0131m\u0131zdan ge\u00e7mekte olan Hac\u0131 Rahman Kul\u2019un veziri olan Ayt Mehmet ULU ile tan\u0131\u015ft\u0131ran Abd\u00fclbaki Amca, onun sorular\u0131ma daha iyi cevaplar verebilece\u011fini s\u00f6yledi. Cenaze evine taziyeye giden ULU ile ak\u015fam evinde g\u00f6r\u00fc\u015fmek \u00fczere s\u00f6zle\u015ftik ve Sadi \u00f6\u011fretmen ile mezarl\u0131\u011fa gittik. Defnedilecek ki\u015finin merhume olmas\u0131na ra\u011fmen mezarl\u0131k civar\u0131nda hi\u00e7 bir kad\u0131na rastlamam\u0131\u015f olmam\u0131z dikkatimi \u00e7ekti. Kay\u0131t alt\u0131na ald\u0131\u011f\u0131m bu t\u00f6rende Kuran okunmas\u0131 d\u0131\u015f\u0131nda dualar\u0131n K\u0131rg\u0131zca yap\u0131ld\u0131\u011f\u0131n\u0131 fark ettim. Ayr\u0131ca, bir hafta m\u00fcddetince cenaze \u00e7\u0131kan evin sakinlerinin yemek yapmad\u0131klar\u0131n\u0131, kom\u015fular\u0131n\u0131n s\u0131rayla yemek ta\u015f\u0131d\u0131klar\u0131n\u0131 \u00f6\u011frendim.<\/p>\n<p style=\"text-align: justify;\"><strong> <img loading=\"lazy\" decoding=\"async\" class=\"aligncenter size-full wp-image-1193\" title=\"Adsiz8\" src=\"https:\/\/tehlikedekidiller.com\/wp-content\/uploads\/Adsiz8.png\" alt=\"\" width=\"500\" height=\"375\" \/><\/strong><\/p>\n<p><em>K\u0131rg\u0131z Bal\u0131\u00a0\u00a0\u00a0\u00a0\u00a0\u00a0\u00a0\u00a0\u00a0\u00a0\u00a0\u00a0\u00a0\u00a0\u00a0\u00a0\u00a0\u00a0\u00a0\u00a0\u00a0\u00a0\u00a0\u00a0\u00a0\u00a0\u00a0\u00a0\u00a0\u00a0\u00a0\u00a0\u00a0\u00a0\u00a0\u00a0\u00a0\u00a0\u00a0\u00a0\u00a0\u00a0\u00a0\u00a0\u00a0\u00a0\u00a0\u00a0\u00a0\u00a0\u00a0\u00a0\u00a0\u00a0\u00a0\u00a0\u00a0\u00a0\u00a0\u00a0\u00a0\u00a0\u00a0\u00a0\u00a0\u00a0\u00a0\u00a0\u00a0\u00a0\u00a0\u00a0\u00a0\u00a0\u00a0\u00a0 K\u0131rg\u0131z \u00c7ay\u0131<\/em><\/p>\n<p>Ak\u015fam \u00fczeri yolda kar\u015f\u0131la\u015ft\u0131\u011f\u0131m\u0131z Gulam Nebi ALPER ile K\u0131rg\u0131zlar ve K\u0131rg\u0131zca \u00fczerine biraz konu\u015ftuk ve kendisi bana K\u0131rg\u0131z \u00c7ay\u0131n\u0131n tarifini anlatt\u0131. Nebi amcan\u0131n yan\u0131ndan ayr\u0131ld\u0131ktan sonra yemek i\u00e7in Sadi \u00f6\u011fretmenin evine do\u011fru y\u00fcr\u00fcrken yolda g\u00f6rd\u00fc\u011f\u00fcm \u00e7ocuklar\u0131n oyunlar\u0131 dikkatimi \u00e7ekti. Oyun, geleneksel \u2018A\u015f\u0131k Oyunu\u2019 idi. Bir m\u00fcddet izleyip, kaydettikten sonra yanlar\u0131ndan ayr\u0131l\u0131p Sadi \u00f6\u011fretmenin evine vard\u0131k. Orada yeni tan\u0131\u015ft\u0131\u011f\u0131m Kuda\u015f BALCI, \u00f6\u011fretmenin babas\u0131 Tabald\u0131 POLAT ve ailesiyle g\u00f6r\u00fc\u015ft\u00fcm. Yemekten sonra Kuda\u015f amca benim i\u00e7in K\u0131rg\u0131zca \u2018c\u0131r\u2019 s\u00f6yledi. Tabald\u0131 amca ise isminin K\u0131rg\u0131zca oldu\u011funu belirterek, \u2018\u2019buldum \u2013 ald\u0131m\u2019\u2019 anlam\u0131na geldi\u011fini ve annesinin kendisini \u00c7in topraklar\u0131nda do\u011furdu\u011fu i\u00e7in bu ismi koydu\u011funu anlatt\u0131.<\/p>\n<p style=\"text-align: justify;\"><strong> <img loading=\"lazy\" decoding=\"async\" class=\"aligncenter size-full wp-image-1193\" title=\"Adsiz9\" src=\"https:\/\/tehlikedekidiller.com\/wp-content\/uploads\/Adsiz9.png\" alt=\"\" width=\"500\" height=\"375\" \/><\/strong><\/p>\n<p><em>Kuda\u015f BALCI ve Tabald\u0131 POLAT<\/em><\/p>\n<p>O ak\u015fam Sadi \u00f6\u011fretmenin evindeki g\u00f6r\u00fc\u015fmelerim ge\u00e7 saatlere kadar uzad\u0131\u011f\u0131 i\u00e7in, vezirin evine gidemedim. Ancak,\u00a0 25 Kas\u0131m Pazartesi g\u00fcn\u00fc Vezir Ayt Mehmet ULU ile uzun bir s\u00f6yle\u015fi yapt\u0131m. K\u00fc\u00e7\u00fck Pamir\u2019den Ulupamir\u2019e g\u00f6\u00e7 s\u00fcrecini, K\u0131rg\u0131zlar\u0131n ge\u00e7mi\u015f ve gelece\u011fine dair d\u00fc\u015f\u00fcnce ve kayg\u0131lar\u0131n\u0131 kay\u0131t alt\u0131na ald\u0131m. Oradan ayr\u0131ld\u0131ktan sonra Haydar ERDEM amca ile g\u00f6r\u00fc\u015ft\u00fcm ve K\u0131rg\u0131z Halk Edebiyat\u0131 \u00fczerine konu\u015ftuk. Kendisinin daha \u00f6nce ses sanat\u00e7\u0131l\u0131\u011f\u0131 yapt\u0131\u011f\u0131na da dile getiren Erdem, kopuz \u00e7alarak ara\u015ft\u0131rmama yard\u0131mc\u0131 oldu.<\/p>\n<p style=\"text-align: justify;\"><strong> <img loading=\"lazy\" decoding=\"async\" class=\"aligncenter size-full wp-image-1193\" title=\"Adsiz10\" src=\"https:\/\/tehlikedekidiller.com\/wp-content\/uploads\/Adsiz10.png\" alt=\"\" width=\"500\" height=\"375\" \/><\/strong><\/p>\n<p><em>Vezirin E\u015fi Hatice Ulu<\/em><\/p>\n<p style=\"text-align: justify;\"><strong> <img loading=\"lazy\" decoding=\"async\" class=\"aligncenter size-full wp-image-1193\" title=\"Adsiz11\" src=\"https:\/\/tehlikedekidiller.com\/wp-content\/uploads\/Adsiz11.png\" alt=\"\" width=\"500\" height=\"375\" \/><\/strong><\/p>\n<p><em>Vezir Ayt Mehmet ULU<\/em><\/p>\n<p>D\u00f6n\u00fc\u015f g\u00fcn\u00fcn\u00fc Sadi \u00f6\u011fretmen ve \u00f6\u011frencilere ay\u0131rm\u0131\u015ft\u0131m. Ad\u0131n\u0131 k\u00f6yden alan Ulupamir \u0130lk ve Orta Okulu\u2019nun iki K\u0131rg\u0131z \u00f6\u011fretmeni var ancak e\u011fitim dili T\u00fcrk\u00e7e. \u00a0Bu durumdan b\u00fcy\u00fckler \u00e7ok rahats\u0131z ve \u00e7ocuklar\u0131n gittik\u00e7e ana dillerinden uzakla\u015ft\u0131klar\u0131n\u0131 d\u00fc\u015f\u00fcn\u00fcyorlar. \u00a0Dillerinin bir m\u00fcddet sonra tamamen terk edilece\u011finden endi\u015feliler. Lise \u00f6\u011frenimi i\u00e7in K\u0131rg\u0131z \u00e7ocuklar\u0131 yak\u0131n \u015fehirlere gitmek zorunda.\u00a0 \u00dcniversite kazan\u0131p b\u00fcy\u00fck \u015fehirlerle tan\u0131\u015fan gen\u00e7lerin k\u00f6ylerine d\u00f6nme konusunda isteksiz olmalar\u0131 da ayr\u0131ca d\u00fc\u015f\u00fcnd\u00fcr\u00fcyor, kendilerini.<\/p>\n<p style=\"text-align: justify;\"><strong> <img loading=\"lazy\" decoding=\"async\" class=\"aligncenter size-full wp-image-1193\" title=\"Adsiz12\" src=\"https:\/\/tehlikedekidiller.com\/wp-content\/uploads\/Adsiz12.png\" alt=\"\" width=\"500\" height=\"375\" \/><\/strong><\/p>\n<p><em>Ulupamir \u0130lk\u00f6\u011fretim Okulu.<\/em><\/p>\n<p style=\"text-align: justify;\"><strong> <img loading=\"lazy\" decoding=\"async\" class=\"aligncenter size-full wp-image-1193\" title=\"Adsiz13\" src=\"https:\/\/tehlikedekidiller.com\/wp-content\/uploads\/Adsiz13.png\" alt=\"\" width=\"500\" height=\"375\" \/><\/strong><\/p>\n<p><em>Sadi \u00f6\u011fretmen, \u00f6\u011frencilere geleneksel K\u0131rg\u0131z \u00e7ad\u0131r\u0131n\u0131 anlat\u0131rken.<\/em><\/p>\n<p style=\"text-align: justify;\"><strong> <img loading=\"lazy\" decoding=\"async\" class=\"aligncenter size-full wp-image-1193\" title=\"Adsiz14\" src=\"https:\/\/tehlikedekidiller.com\/wp-content\/uploads\/Adsiz14.png\" alt=\"\" width=\"500\" height=\"375\" \/><\/strong><\/p>\n<p><em>Turan \u00f6\u011fretmen, 4\/A s\u0131n\u0131f\u0131 \u00f6\u011frencileri ile.<\/em><\/p>\n<p>D\u00f6rt g\u00fcn s\u00fcren Ulupamir K\u00f6y\u00fc saha \u00e7al\u0131\u015fmam, benim i\u00e7in g\u00fczel bir deneyim oldu. \u00d6nceden tahmin edemedi\u011fim s\u0131cak ve samimi bir ortamda ara\u015ft\u0131rmam\u0131 yapmamda pek \u00e7ok K\u0131rg\u0131z b\u00fcy\u00fc\u011f\u00fcm\u00fcn yard\u0131m ve deste\u011fini g\u00f6rd\u00fcm. \u015eu an Ankara\u2019da ya\u015fayan Muhammed ve Sena EROL\u00a0\u00a0 \u00e7ifti, daha Van\u2019a gitmeden benimle ilgili ba\u011flant\u0131lar\u0131 kurdular. O sayede belirsizliklerle dolu bir yolculuk endi\u015fesinden kurtuldum. Hem kendilerine hem de ileti\u015fimi sa\u011flayan Hakan BENL\u0130\u2019ye \u00e7ok te\u015fekk\u00fcr ederim. Erci\u015f\u2019te beni kar\u015f\u0131lay\u0131p arac\u0131 ile Ulupamir K\u00f6y\u00fc\u2019ne kadar g\u00f6t\u00fcren S\u00fcleyman TA\u015eKIN\u2019a ve bana evini a\u00e7an muhtar Kas\u0131mbek VAROL\u2019a ayr\u0131ca \u015f\u00fckranlar\u0131m\u0131 sunar\u0131m. Kendileri ile g\u00f6r\u00fc\u015f\u00fcp de\u011ferli bilgiler edindi\u011fim ve yukar\u0131da bahsetti\u011fim b\u00fct\u00fcn Ulupamir <em>ulu<\/em>lar\u0131na, gen\u00e7 \u00f6\u011fretmen arkada\u015flar\u0131ma, g\u00fczel yemeklerini unutamayaca\u011f\u0131m ba\u015fta muhtar\u0131n e\u015fi olmak \u00fczere b\u00fct\u00fcn \u00a0K\u0131rg\u0131z <em>ene<\/em> ve <em>ece<\/em>lere, aralar\u0131nda tekrar \u00e7ocuklu\u011fuma d\u00f6nd\u00fc\u011f\u00fcm <em>baldar<\/em>a te\u015fekk\u00fcr ederim.<\/p>\n<p>\u0130lk saha \u00e7al\u0131\u015fma deneyimimi, Hacettepe \u00dcniversitesi TDE B\u00f6l\u00fcm\u00fc \u00c7a\u011fda\u015f T\u00fcrk Leh\u00e7eleri dersinde ileride benzer \u00e7al\u0131\u015fmalar yapmak isteyen \u00f6\u011frenci arkada\u015flar\u0131mla payla\u015ft\u0131m. Bana hem bu f\u0131rsat\u0131 veren hem de Ulupamir K\u0131rg\u0131zlar\u0131 \u00fczerine b\u00f6yle bir \u00e7al\u0131\u015fmay\u0131 yapmam i\u00e7in beni destekleyip, yard\u0131m\u0131n\u0131 esirgemeyen hocam \u00dclk\u00fc \u00c7EL\u0130K \u015eAVK\u2019a da ayr\u0131ca te\u015fekk\u00fcr ederim.<\/p>\n<p style=\"text-align: justify;\"><strong> <img loading=\"lazy\" decoding=\"async\" class=\"aligncenter size-full wp-image-1193\" title=\"Adsiz15\" src=\"https:\/\/tehlikedekidiller.com\/wp-content\/uploads\/Adsiz15.png\" alt=\"\" width=\"500\" height=\"375\" \/><\/strong><\/p>\n<p><em>Hacettepe \u00dcniversitesi TDE B\u00f6l\u00fcm\u00fc \u00f6\u011frencileri ile.<\/em><\/p>\n","protected":false},"excerpt":{"rendered":"<p>ULUPAM\u0130R KIRGIZLARI ARASINDA D\u00d6RT G\u00dcN Efe Samet KARABACAK (Hacettepe \u00dcniversitesi \u00d6\u011frencisi) Hacettepe \u00dcniversitesi, T\u00fcrk Dili ve Edebiyat\u0131 B\u00f6l\u00fcm\u00fc Y\u00fcksek Lisans program\u0131nda yer alan Tehlikedeki Dil Olgusu ve Dilleri Koruma Y\u00f6ntemleri dersi d\u00f6nem \u00e7al\u0131\u015fmas\u0131 olarak Prof.Dr. \u00dclk\u00fc \u00c7elik \u015eavk ile geli\u015ftirdi\u011fimiz bir proje \u00e7er\u00e7evesinde ger\u00e7ekle\u015ftirdi\u011fim k\u0131sa bir saha \u00e7al\u0131\u015fmas\u0131n\u0131 k\u0131saca payla\u015fmak isterim. Afganistan\u2019\u0131n Pamir b\u00f6lgesinden 1982 y\u0131l\u0131nda T\u00fcrkiye\u2019ye g\u00f6\u00e7 eden ve Van\u2019\u0131n Erci\u015f \u0130l\u00e7esi yak\u0131nlar\u0131nda kurulan Ulupamir K\u00f6y\u00fc\u2019ne yerle\u015ftirilen K\u0131rg\u0131zlar\u0131n dil ve k\u00fclt\u00fcrlerini yerinde g\u00f6zlemlemek \u00fczere 23-26 Kas\u0131m 2013 tarihinde d\u00f6rt g\u00fcnl\u00fck bir \u00e7al\u0131\u015fma yapmak \u00fczere Ankara\u2019dan Van\u2019a ve oradan da Erci\u015f\u2019e ge\u00e7tim. Van Erci\u015f aras\u0131 yakla\u015f\u0131k bir bu\u00e7uk saat, oradan&nbsp;<a href=\"https:\/\/tehlikedekidiller.com\/?page_id=1577\" class=\"read-more\">Okumaya devam et<\/a><\/p>\n","protected":false},"author":1,"featured_media":0,"parent":0,"menu_order":0,"comment_status":"closed","ping_status":"open","template":"","meta":{"footnotes":""},"class_list":["post-1577","page","type-page","status-publish","hentry"],"_links":{"self":[{"href":"https:\/\/tehlikedekidiller.com\/index.php?rest_route=\/wp\/v2\/pages\/1577","targetHints":{"allow":["GET"]}}],"collection":[{"href":"https:\/\/tehlikedekidiller.com\/index.php?rest_route=\/wp\/v2\/pages"}],"about":[{"href":"https:\/\/tehlikedekidiller.com\/index.php?rest_route=\/wp\/v2\/types\/page"}],"author":[{"embeddable":true,"href":"https:\/\/tehlikedekidiller.com\/index.php?rest_route=\/wp\/v2\/users\/1"}],"replies":[{"embeddable":true,"href":"https:\/\/tehlikedekidiller.com\/index.php?rest_route=%2Fwp%2Fv2%2Fcomments&post=1577"}],"version-history":[{"count":9,"href":"https:\/\/tehlikedekidiller.com\/index.php?rest_route=\/wp\/v2\/pages\/1577\/revisions"}],"predecessor-version":[{"id":1579,"href":"https:\/\/tehlikedekidiller.com\/index.php?rest_route=\/wp\/v2\/pages\/1577\/revisions\/1579"}],"wp:attachment":[{"href":"https:\/\/tehlikedekidiller.com\/index.php?rest_route=%2Fwp%2Fv2%2Fmedia&parent=1577"}],"curies":[{"name":"wp","href":"https:\/\/api.w.org\/{rel}","templated":true}]}}